Let u = -38 - -38. Let i(r) = -r**2 - r - 27. Give i(u).
-27
Let f = 4 - 1. Let n(r) = 5*r - 1. Let d(y) = -4*y**2 - 1. Let c be d(1). Let v(x) = 4*x - 1. Let s(q) = c*n(q) + 6*v(q). Calculate s(f).
-4
Let q be (2 + -3)/2*2. Let b(r) = -19*r. Let f(u) = -3*u + 1. Let y be f(-4). Let i(w) = 9*w. Let p(x) = y*i(x) + 6*b(x). Give p(q).
-3
Let q(l) = -4*l - 2. Let u = -18 - -13. Let y = u - -3. Calculate q(y).
6
Let h(p) = p**2 + 5*p + 3. Let w be h(-5). Let t(i) = i**3 - 3*i**2 - 2*i + 4. Calculate t(w).
-2
Let u(k) = 2*k**2 - 13*k + 4. Let l(j) = -j**2 + 6*j - 2. Let o(d) = -5*l(d) - 2*u(d). Calculate o(4).
2
Let y(j) = j**3 + 4*j**2 + 2*j + 1. Suppose 5*n = 3*n - 6. Let k be ((1 - n)*-1)/(-2). Suppose k*q + 2*q = -16. Calculate y(q).
-7
Let a(m) be the first derivative of m**3/3 - m**2/2 - 7*m - 1. Let b be (-2)/28*4 - (-16)/56. What is a(b)?
-7
Suppose 0 = -5*b - x - 8, -2*b - 5*x + 2 + 4 = 0. Let g(y) = 2 - 3*y + y - 1. Calculate g(b).
5
Let u = -61 - -101. Suppose 2*s + 2*c = -18, 6*c + u = -4*s + c. Let m(v) = v**2 + 4*v. What is m(s)?
5
Let i(y) = -3. Let h(j) = -j - 9. Let n(o) = -4*h(o) + 11*i(o). Suppose 4*v = 2 - 10. What is n(v)?
-5
Let f(k) = k**3 + 6*k**2 + 6*k + 6. Let r = -71 + 66. What is f(r)?
1
Let h be (-1 + 4)/(3/(-6)). Let t be 3/1*(-4)/h. Let i(b) = -b + b**3 - t*b**3 + 2*b. Calculate i(2).
-6
Let g(a) = a. Let o be (0/(-6))/(-5)*1/2. Determine g(o).
0
Let a(s) = -s**2 - 11*s + 4. Let i = -108 + 97. Give a(i).
4
Let q be (-6)/(-27) - ((-56)/9)/(-1). Let l(z) = -z**3 - 6*z**2 + z - 5. Give l(q).
-11
Let k be (2/(-5))/((-1)/5). Let x(g) = k*g**2 - 2*g**2 - 5*g**2 + 6*g**2 + 5*g. Calculate x(-5).
0
Let s = 51 - 52. Let c(m) be the first derivative of m**7/280 + m**4/24 + m**3/3 - 1. Let v(o) be the third derivative of c(o). Calculate v(s).
-2
Let d(c) be the first derivative of -5/3*c**3 - 1/4*c**4 + 4*c**2 + 4*c + 4. Give d(-6).
-8
Let k(g) = -3*g + 7. Let s be k(4). Let u(x) = -x - 3. What is u(s)?
2
Let m = -12 + 14. Let c(s) = s - 1. What is c(m)?
1
Let b(n) be the second derivative of -n**4/6 - n**3/2 - 3*n**2/2 - n. Let q be b(-2). Let k(g) = 3*g + 4. What is k(q)?
-11
Suppose -3*n + 3 = -2*n. Let x(q) be the third derivative of 1/120*q**6 + 1/24*q**4 + 1/3*q**3 + 0*q - 1/20*q**5 + 4*q**2 + 0. Determine x(n).
5
Let d(r) = -3*r + 3. Let s(t) = t + 10. Let y be s(-8). Let k be (0 - -6)/(y - 1). Let u be (4/k)/(3/9). Determine d(u).
-3
Let r(c) = -c**3 - c**2 - c. Let g(m) = -3*m**3 + m**2 - 3. Let f(b) = g(b) - 4*r(b). What is f(-4)?
-3
Suppose 9*v + 22 = 7*v. Let l(s) = s**3 + 10*s**2 - 10*s + 6. Give l(v).
-5
Let y(r) = -r - r + 10*r - 7*r + 6. What is y(-3)?
3
Let f(w) = 11*w**3 + 7*w**2 + 2*w - 14. Let i(m) = 24*m**3 + 14*m**2 + 4*m - 29. Let q(d) = 13*f(d) - 6*i(d). Give q(7).
6
Suppose -21 = 4*f + 5*c, 5*c = 2*f - 15 - 12. Let y(r) = 4*r - 1. Let d be y(f). Let s(n) = -3*n + 2 + d*n - 3*n + 2*n + n**2. Calculate s(0).
2
Let z(m) = m**3 - 5*m**2 + 5*m + 1. Let s be z(4). Let h = s + -8. Let b(n) = -2*n - 2. Let y(r) = r. Let p(f) = h*y(f) - b(f). Determine p(5).
-3
Let x(v) = v**2 + v + 14 + 4*v**2 + 0*v**2 - 11 + v**3. Suppose 2*f = 1 + 15. Let m = f + -13. What is x(m)?
-2
Let n(w) be the third derivative of w**4/24 - 2*w**3/3 + 7*w**2. Determine n(4).
0
Let c(q) = -q**3 - 6*q**2 - q - 1. Let b be (-20)/(-8)*1*(2 + -4). Calculate c(b).
-21
Let k(r) = 3*r + 7. Let s(y) = 4*y + 7. Let d(a) = -7*k(a) + 6*s(a). Let c(q) = -q + 2. Let v(t) = -7*c(t) - 2*d(t). What is v(6)?
6
Let t(p) be the first derivative of -p**4/4 + 2*p**3 - p - 2. Suppose 0 = -2*s - 6, -4*y + 4*s + 14 = -22. Determine t(y).
-1
Let l(v) = -v**2 - 8 - 3*v + v + v + 9 + 3*v**3. Calculate l(1).
2
Let r(p) = 0*p - 8*p + 9*p + 2. Calculate r(5).
7
Suppose 5*i + 17 = -3*b, 4*b + 2 = 2*i + 14. Let q = i + 8. Suppose -2*j - 8 = 4*n, 0*j + 16 = n - q*j. Let o(z) = z**3 + z**2 + 4. What is o(n)?
4
Let n = -2 + 2. Let i(f) = -3*f + 5 - 1 + n*f - f**2. Let m = 7 + -10. Give i(m).
4
Let t(u) = -5*u - 7. Let j(q) = 11*q + 15. Let r(d) = -4*j(d) - 9*t(d). Let y be 1*-1*(1 + 2). Determine r(y).
0
Suppose 4*r = 2*p + 16, 0 = 4*p - 3*r - r + 12. Let i(h) = h**p - 6*h - 2*h**2 + 1 + 0*h**2. Let z = -6 + 1. Give i(z).
6
Let t(z) = 13*z + 2. Let s(n) = 7*n + 1. Let j(o) = -7*s(o) + 4*t(o). What is j(3)?
10
Let z(p) = -p**3 + 7*p**2 + 10*p - 12. Let w be z(8). Let a be 1 + 0/(2/(-1)). Let l(r) = -w + a + 1 - 2*r. Give l(-3).
4
Let g be 1 + -3 + (-8)/4. Let u be (-3 + 2)*1*-1. Let z = u + g. Let k(s) = 2*s + 1. What is k(z)?
-5
Let s(x) be the second derivative of -x**4/12 + x**3/6 - 10*x**2 - 2*x. Calculate s(0).
-20
Let z(m) = -m**2 - 6*m + 3. Let b be (-5)/(-4)*(-2 + 6). Let h be (-2 - 8/(-10))*b. What is z(h)?
3
Let u(n) = n. Let o(i) = -5*i - 7. Let v(m) = o(m) + 6*u(m). What is v(-5)?
-12
Let v(k) be the second derivative of k**5/20 - k**4/4 - k**3/2 - k**2/2 + 9*k. Determine v(3).
-10
Suppose 0 = -2*a - 0*a + 2. Let f(j) = j**2 + 3*j + 0*j**2 - 4*j + 1 + j**3 - 3*j**3. Determine f(a).
-1
Let y(g) = -g**2 - 4*g. Let m be (-4)/1 - (-1)/1. What is y(m)?
3
Let s(w) = -5*w - 1. Suppose 3*q = -21 + 12. Give s(q).
14
Let y(b) = b**3 - b**2 - 3*b + 2. Suppose -5*q - 4*g + 47 = 0, -q - 5*g = -3*q - 1. Let p = q + -5. Determine y(p).
0
Let z(n) be the first derivative of n**3/3 + 2. What is z(3)?
9
Suppose 3*c = 4*h + 7 - 24, 0 = h - 2*c - 3. Suppose 4*s - 2*y + 4 = 0, 4*s = -y + 3 - 1. Let k(t) = 0 - t + 0 - h + s. Calculate k(0).
-5
Let q(c) be the second derivative of -c**3/6 - 2*c - 4. Suppose 31 = 3*n - 2*p, 2*n + 10 + 1 = -5*p. Give q(n).
-7
Let w(c) = c**3 + 9*c**2 + c + 11. Let b be w(-9). Let n(h) be the first derivative of -b*h + 1/2*h**2 + 2. Give n(0).
-2
Let u(f) = f**3 + 5*f**2 + 2*f - 3. Suppose 14 + 10 = -6*b. Determine u(b).
5
Let q(p) = -16*p**3 + p**2. Suppose 2*r = 3 - 5. What is q(r)?
17
Suppose -9 = 3*q + 3*f, -1 = 4*f - 3*f. Let v = -1 - q. Let j(x) = v - 22*x**2 + 7*x**3 + 23*x**2 - 2. Give j(-1).
-7
Let l = 9 + -6. Let y be (-10)/l*12/(-10). Let c(v) = -y*v**2 - 4*v + 7 + 3*v**2 - 2. Give c(-5).
0
Let t(j) = j**3 - 39*j**2 + 37*j + 33. Let c be t(38). Let a(w) be the first derivative of -w**3/3 - 7*w**2/2 - 4*w + 1. Give a(c).
6
Let u(x) = -x**3 - 11*x**2 + 15*x + 28. Let q be u(-12). Let p(j) = j**2 + 7*j - 4. Determine p(q).
4
Let r(y) = 4*y**2 + 4*y**2 - 5*y**2 - 3*y. Let a be r(2). Let l be 38/9 + a/(-27). Let j(x) = 2*x - 6. What is j(l)?
2
Let l(u) be the first derivative of -1 + 2*u**3 + 3*u**2 + 3*u + 1/4*u**4. Suppose -22 = 4*f + 3*q, -4*q - 12 = 4*f + 12. Give l(f).
11
Let i(k) = k. Let h be i(2). Let w(f) = f**h + 4*f**3 - 3*f**3 + 4 + 3*f**2 + 3*f. Determine w(-3).
4
Suppose -4*h + 4 = 3*s - 7, 3*s = 15. Let r(d) = 4*d**2. Calculate r(h).
4
Let o(p) be the first derivative of -p**3/3 + 7*p**2/2 - p + 19. Let d = -1 + 4. Give o(d).
11
Suppose 3*x = -x. Let r(v) = 17 + x*v - 4*v - 7*v**2 - 6*v + 11*v**3 - 3*v. Let s(j) = -5*j**3 + 3*j**2 + 6*j - 8. Let z(q) = -6*r(q) - 13*s(q). Give z(3).
2
Suppose 0 = 3*c + 2*y - 21, -y - 2*y = 4*c - 29. Let w(v) = v**3 - 4*v**2 - 6*v + 1. Give w(c).
-4
Let b = -4 - -6. Let a be (0 + 1/b)*-10. Let j(n) = -n**2 - 5*n + 4. Give j(a).
4
Let n be (-8)/(-28) + (-30)/7. Let a(o) be the first derivative of -2 + 3*o + 5/2*o**2 + 5/3*o**3 + 1/4*o**4. Give a(n).
-1
Let v(l) = -l**2 + 9*l + 4. Let p(x) = -2*x**2 + 19*x + 7. Let g(z) = -2*p(z) + 5*v(z). Suppose 0 = -4*i + 20 + 8. What is g(i)?
6
Let t(d) = -3*d + 0 + 2*d + 2. Suppose 0 = 4*h + 8, 4*h - 4 = -z - 2*z. Let b = z - 4. Determine t(b).
2
Let z(t) = 2*t**3 + 2*t**2 + 5. Let b(k) = 2*k**3 + 3*k**2 + 6. Let h(s) = -4*b(s) + 5*z(s). Determine h(-1).
-3
Let c(k) = k**3 + 9*k**2 + 7*k + 2. Let r be c(-8). Suppose -3*i - r = 2*i. Let w(g) = -g**2 + 4. Let j(m) = m**2 - 1. Let f(v) = -2*j(v) - w(v). Give f(i).
-6
Let s(c) = c**2 + 7*c + 7. Suppose -3*z + z = 10. What is s(z)?
-3
Let j(l) = -9*l + 10*l - 5 - 8. What is j(9)?
-4
Let c = 15 - 21. Let a(y) = -y**2 - 4*y + 7. Let h be a(c). Let r(s) be the third derivative of s**5/60 + s**4/8 - 5*s**3/6 - 6*s**2. Give r(h).
5
Let o(r) be the first derivative of r**3/3 + 4*r**2 + 8*r - 8. Suppose 5*p + 5 = -25. Determine o(p).
-4
Let r(x) = 2*x - 3. Suppose 0 = 3*o + 2*w - 4, -4*o - 4*w + 3 + 1 = 0. Let y(g) = 4 + 9 